601, -5*f - w*k = 574 - 1577. Is 27 a factor of f?
False
Let v = -911 - -1296. Suppose v = j + 4*j. Is 11 a factor of j?
True
Suppose z = 4*q - 5, -5*q + 0*z + 15 = -3*z. Suppose -s + 6*s - 275 = q. Is s a multiple of 11?
True
Suppose -5132 + 1034 = -3*w. Is 28 a factor of w?
False
Suppose 0 = 4*k + 8, 2*a - 5 = 2*k + 5. Suppose -a*l + 9 = -6*l. Is 18 a factor of 1116/27*l/(-2)?
False
Let y be (420/(-45))/((-2)/3). Is 18 a factor of 1*-3*(-46 - y)?
True
Suppose -3*a - 9 = 0, 5*k - 5511 - 365 = -3*a. Does 29 divide k?
False
Let p(t) = -2*t**2 - 8*t + 13. Let m be p(-8). Let l be m*-2*(-10)/(-6). Suppose -u = 4*u - l. Is 16 a factor of u?
False
Suppose 938 + 462 = 7*o. Does 5 divide ((-15)/(-20))/(6/o)?
True
Does 9 divide (-30244)/(-70) + 24/(-420)?
True
Suppose -2*p = -0*p - 6. Suppose -3*f - 5*d = -0*f - 143, -p*f + 3*d = -159. Is 18 a factor of f?
False
Let d = 44 + -9. Suppose -2*f + 6*f + d = 3*m, 0 = m + 2*f - 5. Is 9 a factor of m?
True
Suppose 0 = t - 2*t + 2. Let d(o) = -5 - 2 + 7 + t*o + 5 + o**2. Is 4 a factor of d(-5)?
True
Does 92 divide ((-153)/(-15) + 1)/((-22)/(-1265))?
True
Suppose -2*o = -j + 811, 8*j = 3*j - 3*o + 4042. Suppose -3*y = -j - 109. Is y/39 - (-4)/26 a multiple of 3?
False
Suppose 21 = -l + 16. Let b be (-1 + 1)*(4 + l). Suppose 3*h + 346 = 5*y, 2*h = -5*y - b*y + 336. Is 17 a factor of y?
True
Let q(m) = 2*m**3 - 7*m**2 - 15*m - 30. Is q(9) a multiple of 22?
True
Let t be (-2838)/(-36) + 2/12. Let u = -63 + t. Is u even?
True
Let p(i) be the first derivative of -3*i**2/2 - 12*i + 3. Suppose 4*v - 30 = 7*v. Is p(v) a multiple of 6?
True
Suppose -2*b = -4*j + 22, 2*j + 4 = -0*j + 4*b. Is 7 a factor of j/(-6)*2*630/(-40)?
True
Let h(n) = -2*n**3 - n - 1. Let f be h(-1). Suppose 10 = f*k + 146. Let j = k + 127. Is j a multiple of 18?
False
Is 81*11 - (44 + -37) a multiple of 68?
True
Let z(w) = w**3 - 2*w**2 - 3*w + 3. Let k be z(3). Let a(f) = -4*f + 25 + 2*f - 22 + 6*f. Does 5 divide a(k)?
True
Let s = -44 + 47. Suppose -x + 5*x = s*m - 256, -2*m = x - 178. Does 18 divide m?
False
Suppose 7 = d + y, -4*d + y + 11 = d. Suppose 2*w = -d*w + 45. Suppose -a - w = -102. Does 22 divide a?
False
Suppose 0 = 3*p + 18*t - 22*t - 983, 4*t + 1312 = 4*p. Is p a multiple of 17?
False
Let c(p) = -p**3 - 4*p**2 - 3. Let m(u) = -u. Let x(o) = 2*c(o) + 2*m(o). Let f be x(-6). Is 9 a factor of f/18 + (-4)/(-6)?
True
Let x = 225 + 195. Does 6 divide x?
True
Is 4 a factor of (3 + (-150)/20)*-48?
True
Suppose -4*l - 3*c - 1 = 0, -5*l = -4*c - 25 + 3. Let p be (l + -5)*40/(-12). Let m = -7 + p. Does 3 divide m?
True
Suppose -18*u - 868 = -32*u. Is 31 a factor of u?
True
Let n(p) = 10*p**2 + p - 4. Suppose 2*i + 5 = 1. Is 12 a factor of n(i)?
False
Suppose u - 16 = -3*u, -2*u = 5*r - 6573. Suppose 8*h + 305 - r = 0. Is h a multiple of 42?
True
Let o(x) = -7*x + 17. Let c(v) = 6*v - 17. Let g(w) = -6*c(w) - 5*o(w). Let h be g(-8). Suppose 5*j - h - 185 = 0. Is 18 a factor of j?
False
Suppose 1166 = -4*t + 3*o + 4714, 0 = -3*t + 2*o + 2660. Is t a multiple of 33?
False
Suppose -3*u + 5*w = -2381, 9*u = 6*u - 3*w + 2373. Does 72 divide u?
True
Let b = 88 - 13. Suppose b = 5*s - 100. Is s a multiple of 7?
True
Suppose 13 = 2*c - a, -5*c = -6*a + a - 35. Is 8 a factor of (0 + 3)/(c/16)?
True
Let w(z) = -z**3 + 6*z**2 + 5*z + 10. Let y be w(7). Let f(b) = b**3 - 7*b**2 + 6*b + 2. Let h be f(6). Does 11 divide -4*(19/y + h)?
True
Is 6 a factor of 2 - (4 - 2)/(11/(-1463))?
False
Let s(q) = q**3 - 2*q**2 + 2. Let i be s(-2). Let a(z) = z**3 + 12*z**2 + 15*z + 4. Let k be a(-11). Let c = i - k. Does 11 divide c?
False
Let b(p) = 7*p**2 - 5*p + 4. Let x be b(3). Is 13 a factor of (x - (0 + 0/(-2))) + -1?
False
Suppose 0 = -g + 2*o + 27, -g - 2*o + 20 = -23. Suppose -8 = 5*p + 2*d - g, 2*d - 12 = -2*p. Let c(x) = 4*x + 4. Does 6 divide c(p)?
True
Suppose -o + 4*b + 18 = 0, -190 = -5*o - 5*b - 0*b. Is o a multiple of 3?
False
Let d(t) = 25*t**3 - 2*t + 1. Suppose -5*r - 4*n - 17 = -49, 3*r - 2*n - 6 = 0. Let k(g) = -g**3 + 3*g**2 + 4*g + 1. Let i be k(r). Does 12 divide d(i)?
True
Is 28 a factor of (3/5 - (-24)/(-15)) + 1472?
False
Let u(d) = -8*d - 4 - d**3 + 0*d - 2*d**2 + 6*d. Is u(-3) a multiple of 11?
True
Suppose 5*a - d = 800 + 880, -5*a + 2*d + 1680 = 0. Suppose -q = -2, -5*s + 5*q - 3*q + a = 0. Does 20 divide s?
False
Suppose 6 = 2*p - 2*n, -5*n = -p + 3*p + 1. Let w be 3 + (-3 - p) - -81. Suppose -4*t = m - w, 5*m + 3*t - 471 = 2*t. Is 13 a factor of m?
False
Let k = 15 - 5. Suppose 16 = -k*r + 426. Is 13 a factor of r?
False
Suppose 1 + 59 = 5*z. Is z/(-10)*(-130)/3 a multiple of 13?
True
Let a be (-2 + 4)/((-4)/(-6)). Suppose 4*s = z - a*z + 166, s = -z + 40. Suppose 33 + s = 4*l. Is 6 a factor of l?
False
Let n(k) = 20*k**2 + 2*k - 28. Is 16 a factor of n(-4)?
False
Suppose 15*m - 8 = 11*m. Suppose 5*j + 2*r + 7 = m*j, 18 = 3*j - 3*r. Suppose -3*t - j = -22. Is t a multiple of 2?
False
Let p(u) = u**3 - 6*u**2 - 2*u + 15. Is p(6) even?
False
Suppose 5724 = 22*i - 84. Does 11 divide i?
True
Let z(a) = a**3 - a**2 + a + 10. Let t be z(3). Suppose -37*d + t*d + 792 = 0. Is d a multiple of 19?
False
Let r = 184 + -109. Let u = r + -48. Suppose 13 = 4*x - u. Is 2 a factor of x?
True
Suppose -2*u + 41 + 447 = k, -5*u = 2*k - 1222. Is 4 a factor of u?
False
Let l(f) = -f + 4*f**2 + 5*f**3 + f**3 + 2*f - 2 + f. Let m be l(-2). Let t = m - -70. Does 16 divide t?
True
Let a be (-3)/(42/4) + (-4846)/(-7). Suppose 0 = -11*w + a + 23. Is w a multiple of 12?
False
Let q = -11 - -8. Let g be q/(-6) + (-599)/(-2). Suppose 0*i + 297 = 5*i - 4*s, -5*i = -5*s - g. Is 19 a factor of i?
True
Let t(q) = q - 24. Let u be t(16). Let r(v) = -6*v + 8. Does 3 divide r(u)?
False
Let b be (-4)/(-14) - (-12)/7. Suppose 2*q + 2*q = -b*d + 16, 2*d - q = -9. Does 17 divide d*(2 - (29 - 1))?
False
Let r(w) be the second derivative of -3*w**5/5 - w**4/12 + w**3/3 + 3*w**2/2 + 8*w. Does 13 divide r(-2)?
True
Let d = -58 - -148. Suppose -4*i = 3*z - d, 0*z - z = 2*i - 46. Is i a multiple of 6?
True
Is 7 a factor of 23/((-276)/(-19908)) - (6 - -1)?
True
Let k be ((-3)/(-1))/(-2 + (-22)/(-8)). Suppose -y + k*n + 940 = 3*y, -3*y = 3*n - 675. Is 38 a factor of y?
False
Is 26 a factor of (-8)/16*(-3 - 579)?
False
Let g(t) = 1. Let l(k) = 20 - 4*k - 15 + 8*k. Let a(p) = 4*g(p) + l(p). Does 24 divide a(12)?
False
Suppose 8*d - 819 = -13*d. Does 3 divide d?
True
Suppose 12*c + 1257 = 8709. Does 27 divide c?
True
Let a = 45 - 39. Let w be 0/a + (-17 - 2). Let x = 3 - w. Does 11 divide x?
True
Let r be (-1 - (1 - 3)) + 63. Let k = -300 + 271. Let x = k + r. Is x a multiple of 7?
True
Let s(r) = -8*r**2 + 2*r - 1. Let a be s(1). Let d be 14/(-1)*a/14. Suppose y + d = 54. Does 19 divide y?
False
Suppose 127*k = 128*k - 199. Suppose 631 - k = 4*j. Is j a multiple of 36?
True
Let d be (6/(-4))/((-24)/(-64)). Let c be d*(-3 + 0 + 2). Suppose -z = c, 3*v - 3*z = -96 + 288. Is v a multiple of 20?
True
Does 47 divide 423 + (-4)/(-12)*0?
True
Let p = 97 + -92. Suppose 4*g - 3*l - 602 = 2*l, p*g - 3*l = 759. Is 17 a factor of g?
True
Let q(r) = 70*r - 131. Is q(12) a multiple of 36?
False
Suppose -211 = -d - 0. Let n = 485 - d. Is 13 a factor of n?
False
Suppose -2*g - 41 = -17. Is 42/g*(-3)/(3/2) a multiple of 7?
True
Suppose 5*f - 17 = -2*w, 0 = -f - f - 2*w + 2. Suppose i = 2*u - 9, f*i - 4*u = -u - 80. Let c = i + 34. Does 15 divide c?
True
Let m be (-22)/(-5) + 24/40. Suppose -m*u + 3*q - 191 = -511, 4*q = -2*u + 154. Suppose 5*t + 5*x - u = t, 5*t = 3*x + 56. Is 9 a factor of t?
False
Let r(a) = -2*a**2 + 2*a + 2. Let u be r(0). Suppose -3*g = -u*o + 21, 4*g - g + 3 = 0. Does 2 divide o?
False
Suppose 4*s + 5*a - 11 = 0, -s + 8 = -a + 3. Suppose -6 = 2*x + s*m, -4*m - 36 = -2*x - 2*x. Suppose 41 = x*j - 124. Is 16 a factor of j?
False
Let q(b) = 503*b**2 + 6*b - 5. Is 28 a factor of q(1)?
True
Let d be (-2 - (-56)/12)*27. Let i = d + -51. Suppose -2*b + s + 35 = 2*b, -2*b + i = 3*s. Is b a multiple of 6?
False
Suppose -2*x - 5*k + 1 = 10, 0 = -x - 4*k - 9. Suppose x*y = 2*q - 109, -3*q = -q + 4*y - 102. Is 6 a factor of q?
False
Is -56*(1 - 158/14) a multiple of 87?
False
Suppose -2*x = 252 + 540. Is (-42)/70 - (x/10 + -1) a multiple of 40?
True
Let d = 903 - 540. Does 6 divide d?
F